. Let w be i(-6). Calculate the greatest common divisor of f and w.
6
Let z(u) = -3*u**2. Let r be z(1). Let y = 54 - 52. Let d = y - r. What is the greatest common factor of 40 and d?
5
Let t = -427 + 443. Let u be ((-1)/3)/((-6)/90). Let j(c) = -c**3 + 6*c**2 - 3*c - 2. Let s be j(u). What is the greatest common divisor of s and t?
8
Let v be (4 - 7)/(-3 + 2). Suppose -v*u = 2*u - 25. Suppose 0 = u*p - f - 2*f - 3, -2*p - 2*f = -14. What is the highest common divisor of 1 and p?
1
Suppose -50*x - 27 = -59*x. What is the greatest common factor of x and 1?
1
Suppose 0*m - 2*d = -m + 185, -d + 569 = 3*m. Suppose -4*c = -c - m. Let g = c - -41. What is the greatest common divisor of g and 13?
13
Suppose 5*p + 120 = 9*p. Calculate the highest common divisor of 510 and p.
30
Let n(x) be the first derivative of 4 - x + 0*x - 1 + 0*x - x**2. Let k be n(-9). What is the highest common divisor of k and 51?
17
Let x be (-4)/(-6) + 1696/3. Suppose 191 = -3*w + x. Suppose 33*v = 133*v - 5000. Calculate the highest common divisor of w and v.
25
Let s be 10/45 - (-34)/9. Let g(x) = -4 + 1 + 4*x + s. Let l be g(1). Calculate the highest common divisor of 40 and l.
5
Let t = -113 + 121. Let d = 2 - -10. Let y be 1 + -3 - (2 - d). What is the highest common factor of t and y?
8
Suppose 0 = 13*z - 342 + 303. Let d be 2 - (0 - -1 - 105). Suppose 3*b - j = 67 + 13, 2*j = 4*b - d. What is the highest common divisor of z and b?
3
Let u be 30/(-72)*-138 + (-1)/(-2). Calculate the greatest common divisor of 203 and u.
29
Suppose -97 = -3*b + 146. Suppose -l - l = -54. What is the greatest common factor of l and b?
27
Let m = -839 + 1046. Calculate the greatest common divisor of 46 and m.
23
Let l(s) = 13*s - 18 - s + s. Let g be l(2). Calculate the highest common divisor of 12 and g.
4
Let k be 60/25*80/(-24) + 1*11. Let r be (-3 - -6)*(-2)/(-2). What is the highest common divisor of r and k?
3
Let d = 22 - 13. Let o(b) = -5*b + 126. Let z be o(24). Calculate the highest common factor of z and d.
3
Suppose -4*h + t + 116 = 0, -4*h - 6 = 5*t - 146. Calculate the greatest common factor of h and 285.
15
Let z = 54 + 40. Let s = z - 66. Let x be ((-28)/(-3))/((-2)/(-15)). What is the highest common factor of s and x?
14
Let n(y) be the first derivative of y**4/4 - 16*y**3/3 - 7*y**2 - 21*y - 21. Let k be n(17). What is the greatest common divisor of k and 75?
15
Let l(n) = -183*n + 1. Let i be l(-6). Let z be i/42 + 1/(-6). Calculate the greatest common factor of z and 234.
26
Suppose -5*k + 14 = 39. Let c = 70 + k. What is the greatest common factor of c and 13?
13
Suppose -3*r + 46 = -233. Suppose -5*k = -110 + 25. Suppose -79 + k = -i. What is the highest common factor of i and r?
31
Let k = 88 - 80. Calculate the highest common divisor of k and 2.
2
Suppose 17*u - 19*u + 80 = 0. Calculate the highest common divisor of 220 and u.
20
Let t be -4 + (3 - -5771 - 1) + -4. Let y be 1/(-8) - t/(-40). What is the highest common factor of y and 18?
18
Let s(v) = v**2 + 3*v - 34. Let f(q) = -4*q**2 - 13*q + 135. Let n(h) = -2*f(h) - 9*s(h). Let b be n(0). Calculate the greatest common divisor of b and 18.
18
Let y(b) = -b**3 + 6*b - 2. Let z(a) = -a - 2. Let u be z(2). Let h be y(u). What is the highest common divisor of h and 114?
38
Let c be 0/3 - -4*1. Suppose -188 = c*q + 236. Let p = q + 204. Calculate the highest common factor of 14 and p.
14
Let d(h) = -169*h + 62. Let t be d(-4). What is the highest common factor of 164 and t?
82
Let j(h) = -h**3 + 6*h**2 + 8*h + 9. Let u be j(7). Let t be (-48)/(((-99)/6)/11). What is the highest common divisor of u and t?
16
Suppose 0 = -3*w + 3*o - 12, 3*w - 4 = 4*o - 20. Let g be (w/(-1) - -3)/1. Let s be (-2)/(501/168 - g). Calculate the greatest common divisor of 14 and s.
14
Let u be 409 + 2 + 5 + -6. Let g be 2/(-3 + u/135). Calculate the greatest common divisor of 36 and g.
18
Let t be (-6)/39 - (-476)/52. Suppose t*o = -o + 120. Calculate the highest common divisor of 132 and o.
12
Let s = 174 + -6. Calculate the greatest common divisor of 21 and s.
21
Suppose 6*x - 10*x = -24. Let h = 195 - 99. What is the greatest common divisor of h and x?
6
Let o be (-3)/18 + (-6)/(-36). Suppose o = -2*v - 8 + 28. Calculate the greatest common divisor of v and 110.
10
Suppose -4*p - 16 = 0, -p = -2*c + 4*p + 34. What is the highest common divisor of 1 and c?
1
Let h = 18 + -10. Let l(x) = x**3 + 11*x**2 + 13*x + 27. Let u be l(-9). What is the highest common divisor of h and u?
8
Let m be 16 + -12 - 2/2. Let d be ((-1)/m)/(7/(-588)). What is the highest common divisor of 14 and d?
14
Suppose 3*a = 8*a. Suppose 6*u - 37 - 47 = a. What is the highest common divisor of u and 98?
14
Let q = -1506 + 1517. Calculate the greatest common divisor of 704 and q.
11
Let y = -128 - -153. Let m(q) = 11*q - 1. Let a be m(1). What is the highest common divisor of a and y?
5
Let z be -6 - (-9 - 3)/(6/1803). Calculate the highest common divisor of z and 36.
36
Suppose 0 = -4*q - 5*n + 10158, -3*q + n = -10055 + 2446. What is the highest common divisor of 43 and q?
43
Let h = 1502 - 1456. Calculate the greatest common divisor of 736 and h.
46
Let d be 8/12*-6 + 94. Calculate the highest common factor of d and 495.
45
Let w = 57 + -43. Let x = w + -13. What is the greatest common divisor of x and 11?
1
Suppose -s + 4*s + 4*o - 262 = 0, -5*o = -3*s + 280. What is the greatest common factor of 10 and s?
10
Suppose -3*d + 5*q + 70 = 0, 2*d - 2*q - 8 = 32. Suppose -5*a + 78 + 77 = 0. Let o = a + -25. What is the greatest common divisor of o and d?
3
Suppose 4*f - 5*p + 59 = 302, 0 = -3*f + 5*p + 181. What is the greatest common divisor of 2 and f?
2
Suppose 15*x + 6*x - 567 = 0. Calculate the highest common divisor of 2322 and x.
27
Let n = -596 - -606. Calculate the highest common factor of n and 8.
2
Let v be 52*(2 - 1) - 1. Let a = v - 18. Let h(r) = 30*r**2 - 5*r - 2. Let z be h(-1). What is the highest common factor of a and z?
33
Suppose -13*x = -658 - 330. Let g = x + -54. What is the greatest common divisor of 11 and g?
11
Let f be 1/(2 - (-3905)/(-1955))*4. What is the greatest common factor of 17 and f?
17
Let u(g) = 3*g**3 - 7*g**2 + 4*g - 20. Let m be u(5). What is the greatest common factor of 8 and m?
8
Let t = 65 - 24. Calculate the greatest common factor of t and 656.
41
Let c be 2 + (-5)/2 + 5/10. Suppose 5*k = 3*a - 122, a + 5*k = -c*a + 54. Calculate the highest common divisor of 4 and a.
4
Let p(d) = 4*d**2 + 39*d + 167. Let z be p(-5). What is the highest common factor of 32 and z?
8
Let c(n) = -n**3 + 6*n**2 - 2*n - 1. Suppose k + 2*m - 5 = m, -4*m = -8. Let r be c(k). What is the greatest common factor of 140 and r?
20
Let y(w) = -w + 11. Let o be y(4). Suppose 6*l = o*l - 1. Calculate the highest common factor of l and 3.
1
Suppose 4*g + 14 = 3*g. Let w(s) = -s**3 - 15*s**2 - 16*s - 12. Let l be w(g). Calculate the highest common factor of l and 144.
16
Suppose l - 7 = 2. Suppose -150 = 5*h - r, 2*r = 3*r + 5. Let y = 49 + h. Calculate the greatest common divisor of l and y.
9
Suppose 0 = 5*h + 4*d - 953, -7*d + 3*d = -4*h + 748. What is the greatest common divisor of h and 21?
21
Let r = 470 - 462. What is the highest common factor of r and 776?
8
Suppose 0 = -4*a + 8*u + 524, a - 683 = -4*a - 4*u. Calculate the greatest common divisor of 10 and a.
5
Suppose -6*l + 6 = -7*l. Let z be (-3 - 8/l)*-3. Let n be 3/(9/(-9) + 86/80). What is the highest common factor of n and z?
5
Let g be (-4)/((-2)/14*2/6). Suppose g = 13*p - 7*p. What is the greatest common divisor of 21 and p?
7
Suppose -5*a + 4*b + 520 = -a, 2*a + 4*b = 242. Suppose 9*i - 8 = a. What is the greatest common divisor of 165 and i?
15
Let c be -6 + 1 - (8 + -9). Let z(a) = 2*a + 12. Let j be z(c). Let u be (8 - j)/4 + 33. Calculate the greatest common factor of 85 and u.
17
Let h be (6/(-15))/((-5)/150). Suppose 4*i + 2*x + h - 50 = 0, 0 = i + x - 12. Calculate the greatest common factor of 7 and i.
7
Suppose -4*g = 3*p - 205, -2*g + 0*p + 105 = p. Calculate the greatest common factor of 385 and g.
55
Let m(j) = -j**2 + 22*j - 83. Let z be m(13). Let k = 374 - 102. What is the greatest common factor of z and k?
34
Let p be (-72)/2*130/(-40). Let m(f) = -4*f - 3. Let n be